What is the remainder when 6890 is divided by 870?
800
Calculate the remainder when 55789 is divided by 124.
113
What is the remainder when 58839 is divided by 564?
183
Calculate the remainder when 85 is divided by 21.
1
What is the remainder when 5604 is divided by 33?
27
Calculate the remainder when 69775 is divided by 147.
97
Calculate the remainder when 75310 is divided by 75157.
153
What is the remainder when 4828 is divided by 690?
688
Calculate the remainder when 118610 is divided by 9.
8
Calculate the remainder when 4896 is divided by 305.
16
Calculate the remainder when 860 is divided by 549.
311
What is the remainder when 1566359 is divided by 120?
119
What is the remainder when 3456 is divided by 205?
176
What is the remainder when 655 is divided by 87?
46
Calculate the remainder when 97215 is divided by 4626.
69
Calculate the remainder when 11949 is divided by 16.
13
Calculate the remainder when 44689 is divided by 52.
21
Calculate the remainder when 126673 is divided by 1218.
1
Calculate the remainder when 15988 is divided by 211.
163
What is the remainder when 27676 is divided by 342?
316
What is the remainder when 151222 is divided by 1575?
22
Calculate the remainder when 13102 is divided by 374.
12
Calculate the remainder when 1020 is divided by 120.
60
What is the remainder when 2427 is divided by 1946?
481
What is the remainder when 349734 is divided by 435?
429
Calculate the remainder when 25597 is divided by 6331.
273
Calculate the remainder when 1055120 is divided by 71.
60
Calculate the remainder when 189590 is divided by 7021.
23
Calculate the remainder when 368682 is divided by 244.
242
What is the remainder when 454070 is divided by 218?
194
Calculate the remainder when 127009 is divided by 281.
278
What is the remainder when 37659 is divided by 25?
9
Calculate the remainder when 32936 is divided by 11.
2
Calculate the remainder when 29745 is divided by 583.
12
Calculate the remainder when 119744 is divided by 27.
26
What is the remainder when 172582 is divided by 34515?
7
What is the remainder when 93591 is divided by 604?
575
Calculate the remainder when 62596 is divided by 5.
1
Calculate the remainder when 3027 is divided by 151.
7
Calculate the remainder when 1217508 is divided by 178.
166
Calculate the remainder when 9066 is divided by 158.
60
What is the remainder when 41173 is divided by 3167?
2
Calculate the remainder when 2485 is divided by 1172.
141
Calculate the remainder when 40245 is divided by 5749.
2
Calculate the remainder when 1507324 is divided by 710.
704
Calculate the remainder when 9945 is divided by 3059.
768
Calculate the remainder when 46292 is divided by 46288.
4
What is the remainder when 2984 is divided by 426?
2
What is the remainder when 893 is divided by 446?
1
Calculate the remainder when 76610 is divided by 214.
212
Calculate the remainder when 3869 is divided by 629.
95
Calculate the remainder when 127674 is divided by 127638.
36
What is the remainder when 127689 is divided by 226?
225
Calculate the remainder when 421 is divided by 172.
77
What is the remainder when 664743 is divided by 221578?
9
What is the remainder when 142868 is divided by 130?
128
Calculate the remainder when 7853 is divided by 3923.
7
What is the remainder when 36436 is divided by 19?
13
What is the remainder when 8676 is divided by 1089?
1053
Calculate the remainder when 49432 is divided by 7.
5
What is the remainder when 50056 is divided by 50050?
6
What is the remainder when 964858 is divided by 390?
388
Calculate the remainder when 66502 is divided by 283.
280
Calculate the remainder when 881 is divided by 429.
23
Calculate the remainder when 207895 is divided by 3057.
19
Calculate the remainder when 38134 is divided by 205.
4
What is the remainder when 13302 is divided by 382?
314
Calculate the remainder when 4830063 is divided by 19.
16
Calculate the remainder when 9899 is divided by 12.
11
Calculate the remainder when 18110 is divided by 6007.
89
What is the remainder when 46420 is divided by 4219?
11
Calculate the remainder when 7961 is divided by 796.
1
What is the remainder when 360609 is divided by 28?
25
What is the remainder when 146174 is divided by 591?
197
What is the remainder when 12998 is divided by 1444?
2
Calculate the remainder when 2995 is divided by 1491.
13
What is the remainder when 9458 is divided by 1085?
778
Calculate the remainder when 19026 is divided by 3758.
236
What is the remainder when 46981 is divided by 26?
25
Calculate the remainder when 16910 is divided by 16887.
23
Calculate the remainder when 2029 is divided by 669.
22
What is the remainder when 37723 is divided by 563?
2
Calculate the remainder when 10016 is divided by 94.
52
Calculate the remainder when 1849 is divided by 58.
51
What is the remainder when 8572 is divided by 2095?
192
What is the remainder when 37129 is divided by 26?
1
What is the remainder when 3708 is divided by 177?
168
Calculate the remainder when 1441 is divided by 292.
273
Calculate the remainder when 1563 is divided by 141.
12
Calculate the remainder when 76075 is divided by 247.
246
Calculate the remainder when 613658 is divided by 445.
3
Calculate the remainder when 13434 is divided by 6708.
18
Calculate the remainder when 504518 is divided by 15.
8
Calculate the remainder when 4903 is divided by 224.
199
What is the remainder when 112526 is divided by 42?
8
What is the remainder when 58946 is divided by 34?
24
Calculate the remainder when 49741 is divided by 187.
186
Calculate the remainder when 38488 is divided by 138.
124
Calculate the remainder when 3011 is divided by 619.
535
Calculate the remainder when 8229 is divided by 1721.
1345
Calculate the remainder when 43470 is divided by 107.
28
What is the remainder when 619 is divided by 296?
27
What is the remainder when 78291 is divided by 26097?
0
What is the remainder when 2336 is divided by 2321?
15
Calculate the remainder when 237176 is divided by 118560.
56
What is the remainder when 924364 is divided by 259?
252
What is the remainder when 16668 is divided by 51?
42
Calculate the remainder when 4304 is divided by 51.
20
What is the remainder when 424851 is divided by 430?
11
Calculate the remainder when 13620 is divided by 1932.
96
What is the remainder when 24883 is divided by 6141?
319
Calculate the remainder when 794 is divided by 380.
34
Calculate the remainder when 233066 is divided by 815.
791
What is the remainder when 1419 is divided by 745?
674
What is the remainder when 7941 is divided by 58?
53
What is the remainder when 35272 is divided by 2082?
1960
Calculate the remainder when 1778 is divided by 660.
458
Calculate the remainder when 14930 is divided by 94.
78
Calculate the remainder when 283379 is divided by 283379.
0
What is the remainder when 137140 is divided by 38?
36
What is the remainder when 11735 is divided by 1066?
9
Calculate the remainder when 35577 is divided by 104.
9
Calculate the remainder when 214 is divided by 28.
18
What is the remainder when 1471737 is divided by 1015?
1002
Calculate the remainder when 25096 is divided by 25085.
11
Calculate the remainder when 2221 is divided by 21.
16
Calculate the remainder when 61879 is divided by 140.
139
Calculate the remainder when 488 is divided by 398.
90
What is the remainder when 51212 is divided by 207?
83
Calculate the remainder when 51833 is divided by 82.
9
Calculate the remainder when 21067 is divided by 51.
4
What is the remainder when 792 is divided by 253?
33
Calculate the remainder when 4976 is divided by 1239.
20
What is the remainder when 150687 is divided by 458?
5
Calculate the remainder when 65343 is divided by 400.
143
What is the remainder when 20569 is divided by 146?
129
What is the remainder when 983 is divided by 312?
47
Calculate the remainder when 258719 is divided by 105.
104
Calculate the remainder when 9780 is divided by 65.
30
Calculate the remainder when 4428 is divided by 1474.
6
Calculate the remainder when 513106 is divided by 256535.
36
What is the remainder when 215860 is divided by 1799?
1779
What is the remainder when 3116 is divided by 437?
57
Calculate the remainder when 1326475 is divided by 1928.
11
What is the remainder when 8906 is divided by 135?
131
What is the rema